uppose -3*u + 3*s - s = -11, 4*u + 3*s - 9 = 0. Suppose 2*n + u = -n, 4*n = -4*o + 3008. Is o prime?
False
Let j = -27460 + 40677. Is j a prime number?
True
Let r(i) = i + 3. Let l be r(6). Suppose 3*g + 0 = -l. Let m(f) = -12*f + 2. Is m(g) prime?
False
Suppose 2*y - 28 = -18. Suppose 4*b - 4951 = -5*r, 4*b - 1230 = y*r - 6189. Is r composite?
False
Suppose 699 = 4*w - 7*w. Let d = -696 - w. Let j = 648 + d. Is j a prime number?
False
Suppose -5*p = -3*p. Suppose p = 8*q - 5*q - 15. Suppose -k = 2*j - 143, 572 = 6*k - 2*k + q*j. Is k a prime number?
False
Suppose 13 = 6*n - 17. Suppose -5*y + n*f + 100 = 0, -2*y + 37 = -f - 2*f. Is y prime?
True
Let t(y) = -260*y**2 - 20*y - 17. Let i(h) = 6 + 32*h**2 + 7*h + 24*h**2 + 31*h**2. Let c(g) = -8*i(g) - 3*t(g). Is c(-2) prime?
True
Suppose j - 5 = -0*j. Suppose 1114 = s - 4*b, -j*b - 2173 = -2*s - 8*b. Is s a composite number?
True
Let h = 25 - 36. Let n be 2/h - 118602/(-121). Suppose -2*o + n = s + o, 3*s + 2*o - 2947 = 0. Is s a prime number?
True
Let y = -71 - -165. Is y a prime number?
False
Suppose -d - 9 = -1567. Let k = d + -569. Suppose i + 3*h = h + 261, -4*i + k = -3*h. Is i composite?
False
Let p(q) = 3 + 49*q + 482*q + 2. Is p(2) prime?
False
Let j(q) = 173*q + 33. Is j(10) a prime number?
False
Suppose -7*h = -11*h + 16. Suppose 3*c + 5*y = 5464, -2*c + 0*y = h*y - 3642. Is c composite?
False
Let m = 105 - -218. Suppose 322*r + 1403 = m*r. Is r composite?
True
Suppose -4*r + w + 46154 = 0, 2*w - 4 = -0*w. Is r prime?
False
Let n(c) = -153*c + 7. Let w be n(-11). Let i = w + -509. Is i a composite number?
False
Let o be (-1)/3*144/(-6). Let i(c) = 24*c - 5. Is i(o) a composite number?
True
Suppose 5169 - 36536 = -7*k. Is k a prime number?
True
Suppose q + 2 = -0*q, -5*q = -2*g + 20. Suppose i = -g*i. Suppose i = 4*y - 5*x - 644 - 681, 0 = 2*y + 5*x - 685. Is y prime?
False
Suppose -3*m = 5*x - 25363, -3*m + m = -5*x - 16942. Is m prime?
True
Let j be (-1)/(-2) - (-111741)/34. Suppose 5*r = 408 + j. Is r composite?
False
Suppose 0 = -3*l - c + 2177, -2*c = -l - 0*l + 735. Suppose b - 3*g = 719, b - l = g + 4*g. Is b composite?
True
Let l be (-16)/12*(4 - 7). Suppose 22 = l*s - 18. Let g = s - -69. Is g composite?
False
Let p be (-12)/(-12) + 1 + -21. Let z = 22 + p. Suppose -4*g - 259 = -q, 5*q - 846 = z*g + 415. Is q composite?
False
Suppose 0 = -2*w + 8*i - 5*i + 6677, -5*w + i + 16673 = 0. Is w composite?
True
Suppose 0 = 5*w - 5*d + d - 25, -3*w + 2*d = -15. Suppose -g = w*f - 3710, 5*g = 4*f + f - 3740. Is f composite?
False
Suppose 11*z + 4977 - 99170 = 0. Is z prime?
True
Suppose 3*n = 5*i - i - 7, -3*n = -5*i + 11. Suppose i*c = 3*j - 128, -3*j + 0*c + 2*c + 124 = 0. Suppose -m + 10 = b, -4*b - b + 5*m + j = 0. Is b composite?
True
Suppose -p + 64 = h, -2*p + 4*p - 129 = -h. Is 993*(p/15 + -4) a composite number?
False
Suppose 0 = 3*j - 0*j - 12. Suppose -8 = -4*q - z, -j*z = -2*z. Is 183 - (6/q - 5) a composite number?
True
Suppose -10 = -5*r + 25. Suppose 4*i - 47 = -5*w, i - 3*w = 9 + r. Is i a composite number?
False
Suppose 3*c - 2*c = 0. Suppose 5*q = -3*y + y - 7646, 5*q + y + 7648 = c. Let z = q - -2273. Is z composite?
False
Suppose 4*m - 3*m = 0. Let w be (-4)/22 + (-9)/((-396)/8). Suppose m = -s, -4*x - 2*s + 1212 = -w*x. Is x composite?
True
Let s(r) = 1468*r**2 - 5*r - 77. Is s(-4) a prime number?
True
Let q be (624/2)/((-39)/52). Let a = 863 + q. Is a a composite number?
True
Suppose t - w - 150 = 0, -5*t - 2*w + 440 = -2*t. Suppose 320 = 4*m - t. Let j = m + -64. Is j a composite number?
False
Let j be 2/4 + 14/4. Suppose 2*s = 4*s + m - 98, j*s - 196 = 3*m. Is s a composite number?
True
Suppose 22 + 14 = -6*j. Is (-2)/(-6)*(5082 + (j - -3)) prime?
True
Suppose -4*h = 4*q - 26644, 7*h - 26638 = 3*h - q. Suppose 2*s + 3809 = 3*j, -5*j + 3*s - 310 = -h. Is j a composite number?
True
Let j = -83 - -77. Is j/(-9) + 8068/12 composite?
False
Suppose y - 3114 = 4*c, 2*y = c - 6*c + 6293. Is y a composite number?
True
Suppose 53*w = 47*w + 1722. Is w a composite number?
True
Let m be (-3 + 7 - (-1)/1)*95. Suppose -4*a - 628 = -0*q - 4*q, a - m = -3*q. Is q prime?
False
Let q = 2202 + -1230. Suppose 0 = -3*x + 3*n + q, 2*x - 662 = -5*n - 0*n. Is x a composite number?
True
Let r(o) = -o - 5. Let m be r(-10). Is 127*(-3 - -4)*m a prime number?
False
Let k = -12 - -18. Suppose -y = -r - 680, -r - 3370 = -5*y - k*r. Is y a prime number?
True
Suppose -2*c + 5 = 1. Let s = 0 - -2. Suppose s*r - 138 = 5*x, 4*r - c*r - x = 154. Is r a composite number?
False
Suppose 4*u = 4 + 4. Suppose 2*i = -u*a - 2*a + 8, 41 = 5*i + 3*a. Suppose 2*o = -i, 2*k - 95 = 3*o + 158. Is k a prime number?
False
Suppose -2*z = -4*c + 26044, -2*c - 5*z = -3*z - 13022. Is c a prime number?
False
Suppose 1260 = 5*v + 5*x, -2*v - 2*x + 6*x + 516 = 0. Is (v/(-6))/(((-12)/63)/4) a composite number?
True
Let w = -30227 + 62832. Is w composite?
True
Let v(s) = -25*s + 9. Let a = 41 + -17. Suppose -5*c - 4 = -2*d - a, 2*d = -4*c - 2. Is v(d) prime?
False
Suppose -5*j + i = 10, 0*j - 29 = 3*j + 4*i. Is (-23366)/(-42) + 1/(-3) + j composite?
True
Let b be (-171)/(-12) + 2/(-8). Suppose b*k - 12570 = -k. Is k a prime number?
False
Suppose -10*r + 12*r = 17502. Is r a composite number?
True
Is ((-10)/20)/((-4)/28984) composite?
False
Suppose 2*p = -10 + 102. Let h be 2386/18 + (-4)/(-9). Let k = p + h. Is k prime?
True
Let y be 4/6 + (-316)/(-12). Suppose y = -0*s - s - t, 0 = 5*s - 2*t + 100. Let d = 15 - s. Is d a composite number?
False
Let w be (28/(-7))/(4/(-2)). Let k be -3 + (24 - -3)*w. Suppose -k = -j + 44. Is j prime?
False
Let c = 357 - 25. Suppose -4*m + 4*v + c = 0, -4*v = v + 10. Is 2/9 + 33435/m composite?
True
Let k(p) = -2*p - 14. Let c be k(-10). Let q be (-4)/c + (-25)/(-15). Is 321/6 - q/2 prime?
True
Let n be 2*((-7)/(-22) + 12/66). Suppose 0 = -c - 1 - n, -5*c = -f + 512. Is f a prime number?
False
Suppose 51 - 200 = -2*t - a, 4*t + 4*a - 292 = 0. Suppose -5*v - 84 - t = 0. Let j = v + 151. Is j a composite number?
True
Suppose 83*j = -76632 + 270271. Is j a composite number?
False
Suppose 28888 = 9*t - 7*t - 3*n, 2*t = 2*n + 28886. Is t composite?
True
Let i be 327/(1 - (-39)/(-48)). Let j = i - -205. Is j a composite number?
False
Suppose -72 = -2*d + 2*u, -2*u = 4*d - 7*d + 103. Is d - ((3 - 3) + 0) composite?
False
Let m(b) be the first derivative of b**4/2 + 2*b**3/3 - b**2 - 7*b + 26. Is m(6) composite?
True
Suppose 0 = 14*c - 15*c - 764. Is (-3 - 22/(-8))*c a composite number?
False
Suppose -5 - 11 = 8*z. Is 6599/2 - z/(-4) prime?
True
Let t be (2/7)/((-2)/(-14)). Suppose 6 = t*v + v. Suppose 4*w - 456 = -2*u, -v*w - 3*u = -230 - 2. Is w prime?
True
Suppose -7673 = -5*g - 3*b, -4*g - b = 2*b - 6136. Is g prime?
False
Let l = 1392 - -539. Is l a prime number?
True
Let h be (54/(-40) - (-9)/15)*-4. Is (2 + (-109)/(-2))*(-1 + h) prime?
True
Let f = 1850 + 2541. Is f a prime number?
True
Suppose 0 = 4*u - 5*n - 14419, 8*u = 13*u + 5*n - 18080. Is u a prime number?
False
Suppose c = -4*a - 49 - 42, -4*c + 5*a = 259. Let g = 492 - c. Is g prime?
True
Suppose -3261 - 624 = -5*x + 3*b, 4*b - 3885 = -5*x. Is (-2 + 21/9)*x a prime number?
False
Suppose 0 = -3*l + 11 + 4. Suppose -2*g = 2*g - l*b - 1268, -4*b = 0. Is g composite?
False
Let f(w) = -219*w + 217*w + 3*w**2 - 1 - 4*w**2. Let p be f(-1). Let g(l) = 2*l**2 + 85. Is g(p) a composite number?
True
Let r = 130 + -83. Suppose -j = -8 - r. Is j composite?
True
Suppose -6 = -4*n + 14. Suppose 4642 = n*p - 4*y, 2*y + 308 + 624 = p. Is p prime?
False
Suppose 6*g = 377 - 137. Is 44848/g - 1/5 composite?
True
Suppose -4*y = 2*b + b - 6, 3*y = 5*b - 10. Suppose y*g + 422 = 2*g. Is g a prime number?
True
Let z be (-379)/(-2)*(5 - 3). Suppose -2*d + d = z. Let x = -194 - d. Is x composite?
True
Suppose i - 5915 = -2*h, 3*h - 5142 = -2*i + 6691. Is i prime?
False
Is (-9)/6*(1 + 450045/(-27)) a composite number?
True
Let w(c) = 20648*c**3 - 6*c + 5. Is w(1) a prime number?
False
Let d be (5/4)/(8/32). Suppose d*o - 386 = 989. Let a = 386 - o. Is a a composite number?
True
Let y = -286 - -498. Is -1*y/8*-2 a prime number?
True
Is -13798*((-7)/56)/((-1)/(-4)) prime?
True
Let g(r) = -1156*r + 189. Is g(-5) a prime number?
False
Is ((-11144)/10 - -1)/